reatest common factor of l and p?
3
Let d = -13 + 31. Suppose 0 = 4*j + d + 10. Let g = j + 17. What is the highest common factor of g and 2?
2
Suppose -5*r = -10*r + 10. What is the highest common factor of 3 and r?
1
Let q = -7 + 9. Let d be q/(-5) + (-168)/(-20). What is the highest common divisor of d and 64?
8
Let m = 3 - 1. Suppose -51 = -m*t - t. What is the highest common divisor of 34 and t?
17
Let s(u) = -u**2 - 12*u - 11. Let l be s(-9). Let y = 12 - 14. Let p(w) = 4*w**2 - w - 2. Let n be p(y). Calculate the highest common divisor of l and n.
16
Let w(o) be the third derivative of -11*o**6/120 + o**5/60 + o**4/24 - 3*o**2. Let s be w(-2). What is the greatest common factor of 18 and s?
18
Suppose -5*a + 339 = -k - 2*k, -5*k = -a + 81. What is the highest common factor of 22 and a?
22
Let k(j) = 2*j**2 + 10*j - 1. Let d be k(-7). Calculate the greatest common divisor of d and 27.
27
Let n(l) = l**3 + 8*l**2 + 6*l. Let x = -3 - 2. Let o be n(x). Let z = -20 - -35. What is the greatest common factor of o and z?
15
Let m = 101 + -56. Calculate the highest common factor of 9 and m.
9
Suppose 2*i + 10 = 4*i. Suppose -n = -15 - i. Calculate the greatest common factor of 60 and n.
20
Suppose 47 = 4*c + 3*b, c - 4*b - 26 = -0. Calculate the greatest common divisor of c and 126.
14
Suppose -5*t + 87 = -2*t. Suppose 5*r - 3*l - 13 = 0, 5*r + l - t = -0*l. What is the highest common factor of 5 and r?
5
Let k(d) = -d**2 - 5*d - 1. Let o be k(-5). Let c = -2 + o. Let u = 15 + c. Calculate the highest common factor of u and 8.
4
Let y(l) = -l**2 - 3*l + 10. Let p be y(-5). Suppose b + p = 16. What is the highest common divisor of 80 and b?
16
Let r be (2/(-4))/(5/(-30)). Suppose -u + r*u - 10 = 0. Calculate the greatest common divisor of u and 15.
5
Let a = 61 + 14. Suppose 29 + 6 = 5*m. Suppose m*y - 60 = 3*y. What is the greatest common factor of y and a?
15
Let x(h) = h**2 + 8*h - 10. Let i be x(-9). Let n be (-2 + i)/3*-25. Calculate the greatest common factor of n and 175.
25
Suppose -3*d = 23 + 163. Let t = -35 - d. Suppose q - 2*q = -18. Calculate the highest common divisor of t and q.
9
Let p(f) = -f + 4. Let k be p(9). Let c be -3 - (-9)/3 - k. Calculate the greatest common factor of 15 and c.
5
Let j = 170 + -82. Calculate the greatest common factor of 11 and j.
11
Suppose 0 = -3*h + 197 + 67. Let m be 16*(4 + (-35)/10). What is the greatest common factor of h and m?
8
Let z(q) = 8*q**3 - q - 5. Let h be z(3). What is the greatest common divisor of 26 and h?
26
Suppose 0 = 5*b - 3*d - 3 - 44, 0 = -5*b - 5*d + 55. Let k = b - 6. Suppose -12 + k = -p. Calculate the greatest common divisor of 56 and p.
8
Let l = 5 - 1. Suppose l*a - 120 + 12 = 0. Suppose 4*m - a = m. Calculate the highest common factor of 3 and m.
3
Let k = -40 - -88. What is the greatest common factor of 12 and k?
12
Let l be (-6)/21 + 48/21. Suppose -j - l*j = -108. Calculate the greatest common divisor of 24 and j.
12
Suppose 5*x - 4*t = 130, -7*t = -3*t. Calculate the highest common divisor of 91 and x.
13
Let d = 2 + -2. Let m = d - -3. Suppose 0 = -10*n + 5*n - 25, n - 454 = -m*c. What is the greatest common divisor of c and 17?
17
Let r = -10 + 11. What is the highest common divisor of r and 8?
1
Suppose -5*w + 103 = 4*a - 177, 0 = 5*a - 2*w - 350. What is the highest common factor of a and 28?
14
Let g = 12 + -2. Let s be ((-12)/g)/((-3)/10). What is the highest common factor of s and 1?
1
Let f(v) = -14*v. Let d be f(1). Let a be (60/d)/(5/(-140)). Calculate the greatest common divisor of 20 and a.
20
Let q be (1 + -35)*(-8)/(-5 + 13). What is the greatest common divisor of q and 85?
17
Let c(h) = -h**3 + 5*h**2 + 8*h - 7. Let z = 7 + -2. Let p be c(z). Calculate the highest common factor of p and 22.
11
Let z be (4 - 5) + 5*1. Suppose 5*l - 51 = 3*b, 0*l - 3*b = z*l - 57. What is the highest common factor of 48 and l?
12
Suppose -88 = -17*c + 13*c. What is the greatest common divisor of 132 and c?
22
Let t(d) = d**2 + 9*d - 6. Suppose q + 5*k = 28, 5*q - 6*k = -3*k + 28. Let n be t(q). Suppose 190 = 5*a - n. What is the greatest common divisor of a and 16?
16
Let l = 586 - 167. Let r be 2/(-2) - (1 - l). Suppose -r = -5*b - 147. What is the highest common divisor of 6 and b?
6
Let k(u) = -4*u - 11. Let b be k(-4). Calculate the greatest common factor of 45 and b.
5
Let k(v) = v**2 - 3*v - 2. Let u be k(5). Calculate the highest common factor of u and 4.
4
Suppose 4*f - 128 = 2*l, 2*f + 3*l - 7*l = 52. What is the highest common factor of f and 374?
34
Let f(k) = -k + 4. Let y be f(0). What is the greatest common factor of 20 and y?
4
Let m be 491/12*4 - 1/(-3). What is the greatest common factor of m and 41?
41
Let r be -12*-2*(-2)/(-8). Let p be 13 + 1/(3/r). Let c = -8 + p. What is the greatest common factor of 70 and c?
7
Suppose -m + 3*h - 15 = 0, 2*m = 3*m + 5*h - 25. Let g(w) = w + 165. Let n be g(m). Suppose -2*k - 3*k = -75. Calculate the greatest common divisor of k and n.
15
Let s = -6 - -25. What is the greatest common factor of s and 152?
19
Let h = 67 - 66. What is the greatest common divisor of 2 and h?
1
Suppose 3*w = -4*x - 84, 3*x + 63 = w - 0*w. Let d = x + 45. Let q be (d/(-28))/((-1)/7). Calculate the highest common factor of 48 and q.
6
Let f = 54 + -30. Calculate the highest common factor of 48 and f.
24
Let k be 3 + -3 - -14 - 3. What is the highest common divisor of k and 22?
11
Let c = 561 + -309. What is the greatest common factor of 36 and c?
36
Let p(t) = -t**3 - 6*t**2 + 3*t - 10. Let o be p(-7). Let l = -28 + 46. What is the greatest common divisor of o and l?
18
Suppose 536 = 5*z - 454. Calculate the greatest common factor of z and 18.
18
Let f be 12/((-6)/(-4) - 0). Let p = 24 - f. Suppose -p = -4*s, 0*r = 2*r + s - 22. Calculate the greatest common divisor of r and 27.
9
Suppose -345 = -11*p + 73. What is the greatest common divisor of p and 19?
19
Suppose 0*w - 2*w = -18. Calculate the greatest common factor of w and 63.
9
Suppose -b + 28 = a + 8, -80 = -3*a + 2*b. Let t be (-2)/(-8)*(4 + 8). Calculate the highest common factor of a and t.
3
Suppose n + 2*n = 5*k + 2, 0 = 2*n - 4*k. Suppose g + g = 56. Calculate the highest common divisor of g and n.
4
Suppose -402 = s - 3*s - r, -3*s + 2*r + 589 = 0. Suppose -p - 3*y = -6*p + 497, 2*p - y = s. What is the greatest common factor of 20 and p?
20
Let x(t) = -8*t - 5. Let c be x(-5). Let q = 2 + 3. Calculate the greatest common divisor of c and q.
5
Let d = -9 + 18. Suppose -10 = -2*r - 0*r. Suppose -r*i = -6 - 9. Calculate the greatest common divisor of i and d.
3
Suppose 268 = -z + f, f = -2*z - 0*z - 548. Let c be 2/(-10) + z/(-10). Suppose -a + 33 = -n - 2*n, a - n = 23. What is the greatest common factor of c and a?
9
Suppose 12 = g + 3*y - 0*y, 4*g + 3*y = 48. Suppose 0 = -n + 4*n - 9. Calculate the highest common divisor of g and n.
3
Let r(z) = 3*z**3 - 2*z**2 - z + 3. Let p be r(3). Calculate the greatest common divisor of 9 and p.
9
Let w = -36 + 53. Calculate the highest common factor of w and 153.
17
Let n(m) = m**2 - 3*m**3 + 2*m + 4*m**2 + 4*m**3 + 1. Let c be n(-2). Let u be 22*(1 + 7/2). What is the highest common divisor of c and u?
9
Let i be (4/8)/((-2)/(-12)). Suppose 0 = -i*t + 27 + 513. Suppose -2*x + t = 2*x. Calculate the greatest common factor of 5 and x.
5
Let i = 45 + 4. What is the greatest common factor of 7 and i?
7
Suppose -2*n + u = -994, -3*n + 475 = -2*n + 5*u. Calculate the greatest common factor of n and 45.
45
Let h(b) = -17*b**2 - 5*b + 8. Let x(n) = 17*n**2 + 4*n - 7. Let t(v) = 3*h(v) + 4*x(v). Let o be t(-4). Calculate the greatest common divisor of 24 and o.
24
Let b(n) = n + 14. Suppose -o = o. Let f be b(o). Let j be (-2 - (-16)/(-20))*-10. Calculate the highest common divisor of f and j.
14
Let k(a) = -a**2 + 13*a + 2. Suppose 3*z - 3 = -0. Suppose -x - z = -7. Let j be k(x). Calculate the greatest common factor of j and 11.
11
Let r(y) = -y**3 - 8*y**2 + 8*y + 5. Let w be r(-9). Calculate the highest common factor of 14 and w.
14
Let m(q) = 2*q**2 - 2*q + 1. Let y(u) = u**2 - u**2 + 10 - 5 - u**2 + 3*u. Let f be y(4). Let p be m(f). What is the greatest common factor of 3 and p?
1
Suppose -15 = -2*h - 3*h. Suppose -4*i + h*i + 36 =